{"id":32,"date":"2021-07-09T10:25:36","date_gmt":"2021-07-09T10:25:36","guid":{"rendered":"http:\/\/studio8.at\/?page_id=32"},"modified":"2021-08-10T08:48:33","modified_gmt":"2021-08-10T08:48:33","slug":"partner","status":"publish","type":"page","link":"https:\/\/studio8.at\/index.php\/partner\/","title":{"rendered":"Partner"},"content":{"rendered":"\n<p><strong><a href=\"https:\/\/lanahunjic.wixsite.com\/kurznsthalle\">Ku(RZ)nsthalle  <\/a><\/strong><br>Kunstverein | Organisation for Temporary &#8211; Contemporary Art and Architecture  |  <br>Bardhi-I (Rafet) Jonuzi-T  |  K\u00fcnstler und Kurator<br>Schendlingerstrasse 16  |  6900 Bregenz<br>Tel. +43 (0)664 1343 440 <br>kurznsthalle@hotmail.com  <\/p>\n\n\n\n<p><strong>ARCHITEKTUR DI Ralph BROGER <\/strong>| <br>Mitarbeit: Mag. Arch. Nicole Scheffknecht<br><a href=\"http:\/\/arch.broger.at\">www.arch.broger.at<\/a><br>Architektur und Projektentwicklung<br>Sandriese 548 b | 6870 Bezau<br>Tel. +43 (0)5514 30082<br>ralph@broger.at  |  scheffknecht@broger.at<\/p>\n\n\n\n<p><strong>BROGER | GREBER | PROJECT<\/strong><br><strong>Broger Greber GmbH<\/strong><br><a href=\"https:\/\/www.komot-bezau.at\/\">www.komot-bezau.at<\/a><br><a href=\"http:\/\/kaspargreber.at\">www.kaspargreber.at<\/a>  |  info@kaspargreber.at<br>Bautr\u00e4ger-, Baumeister- und Zimmermeistergewerbe <br>Ellenbogen 632 | 6870 Bezau<br>Tel. +43 (0)5514 2360<br>Firmenbuchnummer: FN 434059 y  |  UID-Nummer:  ATU69638617<\/p>\n\n\n\n<p><strong>Restaurant Komot \u2013\u201e Nudla, Drinks and More\u201c<br><\/strong><a href=\"http:\/\/komotgastro.com\">www.komotgastro.com<\/a> | <a href=\"mailto:komotbezau@gmail.com\">komotbezau@gmail.com<\/a><br>Bahnhof 391 G1 | 6870 Bezau<br>Tel. +43 (0)664 5283717<br>Im Erdgeschoss im Geb\u00e4ude. Barrierefrei mit Lift erreichbar<br> <\/p>\n\n\n\n<p><strong>Bregenzerwald G\u00e4ste\u2010Card<\/strong> <a href=\"http:\/\/bregenzerwald.at\">www.bregenzerwald.at<\/a><br> &#8211; Ab 3 \u00dcbernachtungen zwischen 1. Mai bis 31. Oktober erhalten alle G\u00e4ste die Inklusiv\u2010Card, mit der alle<br> &#8211; Bergbahnen, \u00f6ffentliche Verkehrsmittel und s\u00e4mtliche Freib\u00e4der in der Urlaubsregion Bregenzerwald kostenlos und unbegrenzt ben\u00fctzt werden k\u00f6nnen.<br>&#8211; Die Karten werden beim Tourismusb\u00fcro ausgestellt.<br><\/p>\n\n\n\n<p><strong>Werkraum Bregenzerwald<\/strong> <a href=\"http:\/\/werkraum.at\">www.werkraum.at<\/a><br> &#8211; Der Werkraum Bregenzerwald ist ein regionaler Zusammenschluss von Handwerks- und Gewerbebetreibenden des Bregenzerwaldes. Kern des Vereins ist das kooperative Miteinander. Im Werkraum Bregenzerwald sind aktuell rund 100 Betriebe zusammengeschlossen &#8211; eine innovative Plattform des zeitgen\u00f6ssischen Handwerks. Die Mitglieder sind mittelst\u00e4ndische, in der Regel familiengegr\u00fcndete Unternehmen, manche mit einer reichen Tradition.<br> &#8211; &#8230;<br> &#8211; Der Werkraum Bregenzerwald verf\u00fcgt \u00fcber gestalterische Kompetenz, Bildung und Selbstbildung. Die Begegnung mit professionellen Gestalterinnen &#8211; Architektinnen, Designerinnen, K\u00fcnstlerinnen &#8211; geschieht auf Augenh\u00f6he. Mit dem Wettbewerb &#8222;Handwerk und Form&#8220; wurde daf\u00fcr in zwei Jahrzehnten ein einzigartiges Instrument geschaffen.  <br><br><\/p>\n\n\n\n<p><strong>MOOR &amp; MOOR beds<\/strong> <a href=\"http:\/\/moormoor.com\">www.moormoor.com<\/a><br> &#8211; S\u00e4mtliche M\u00f6blierung in kompletter Handarbeit by Moor &amp; Moor gefertigt <br>Maurachgasse 10 | A-6900 Bregenz <br>Tel. +43 (0)664 5051370<br>Mail:&nbsp;<a href=\"mailto:office@moormoor.com\">office@moormoor.com<\/a><\/p>\n\n\n\n<p><br><strong>Vorarlberger K\u00fcnstlervereinigung<\/strong>  <a href=\"http:\/\/kuenstlerhaus-bregenz.at\">www.kuenstlerhaus-bregenz.at<\/a> <br>Berufsvereinigung Bildender K\u00fcnstlerinnen + K\u00fcnstler Vorarlbergs<br><br>&#8230;ist in ihrer heutigen Form seit 1947 t\u00e4tig. <br>Seit 1953 ist  die Vereinigung im K\u00fcnstlerhaus Palais Thurn und Taxis in Bregenz  angesiedelt. <br>&#8211; &#8230;<br>K\u00fcnstlerhaus Palais Thurn und Taxis<br>Gallusstrasse 10a  | A-6900 Bregenz,  <br>Tel.  <a href=\"tel:+435574427 51\">+43 55 74 427 51<\/a> <br>Mail:  <a href=\"mailto:bvkv@kuenstlerhaus-bregenz.at\">bvkv@kuenstlerhaus-bregenz.at<\/a> <\/p>\n\n\n\n<p><strong>BEZAU BEATZ <\/strong> <a href=\"http:\/\/www.bezaubeatz.at\">www.bezaubeatz.at<\/a><br> &#8230;Wir freuen uns sehr auf Euch, die K\u00fcnstler, die musikalische Vielfalt und das lebendige und echte Live-Erlebnis grossartiger Konzerte! <br>&#8211; Alfred Vogel und das <strong>BEZAU BEATZ <\/strong>Team <br><strong>Tickets &amp; Info | <\/strong> witus eGen  Wirtschaft &amp; Tourismus<br> Platz 39 | A-6870 Bezau<br> Tel.: +43 (0)5514 2295<br> info@witus.at<br><a href=\"http:\/\/www.witus.at\">www.witus.at<\/a><\/p>\n\n\n\n<p><strong>FAQ BREGENZER WALD <\/strong> <a href=\"http:\/\/www.faq-bregenzerwald.com\">www.faq-bregenzerwald.com<\/a><br> &#8230;Das FAQ Bregenzerwald ist ein Gesellschaftsforum, allerdings kein gew\u00f6hnliches. Vortr\u00e4ge, Diskussionsrunden, Lesungen und Konzerte an ungew\u00f6hnlichen Orten und atemberaubenden Pl\u00e4tzen, thematische Dorfrundg\u00e4nge, Workshops und Erlebnisse der Extraklasse machen es zu etwas ganz Besonderem: zum Forum mit Festivalcharakter und kulinarischem Anspruch. 2021 findet es bereits zum sechsten Mal statt&#8230;.<br><strong>Tickets &amp; Info |<\/strong> Bregenzerwald Tourismus <br>Gerbe 1135 | A- 6863 Egg, Vorarlberg<br> info@bregenzerwald.at<br> Tel.: +43 (0)5512 23 65<\/p>\n\n\n\n<p><strong>Witus <\/strong> <a href=\"http:\/\/www.witus.at\">www.witus.at<\/a><br><strong>Tickets &amp; Info | <\/strong> witus eGen  Wirtschaft &amp; Tourismus<br> Platz 39 | A-6870 Bezau<br> Tel.: +43 (0)5514 2295<br> info@witus.at<br><\/p>\n\n\n\n<p><\/p>\n","protected":false},"excerpt":{"rendered":"<p>Ku(RZ)nsthalle Kunstverein | Organisation for Temporary &#8211; Contemporary Art and Architecture | Bardhi-I (Rafet) Jonuzi-T | K\u00fcnstler und KuratorSchendlingerstrasse 16 | 6900 BregenzTel. +43 (0)664 1343 440 kurznsthalle@hotmail.com ARCHITEKTUR DI Ralph BROGER | Mitarbeit: Mag. Arch. Nicole Scheffknechtwww.arch.broger.atArchitektur und ProjektentwicklungSandriese 548 b | 6870 BezauTel. +43 (0)5514 30082ralph@broger.at | scheffknecht@broger.at BROGER | GREBER | PROJECTBroger [&hellip;]<\/p>\n","protected":false},"author":1,"featured_media":0,"parent":0,"menu_order":0,"comment_status":"closed","ping_status":"closed","template":"","meta":{"footnotes":""},"class_list":["post-32","page","type-page","status-publish","hentry"],"_links":{"self":[{"href":"https:\/\/studio8.at\/index.php\/wp-json\/wp\/v2\/pages\/32","targetHints":{"allow":["GET"]}}],"collection":[{"href":"https:\/\/studio8.at\/index.php\/wp-json\/wp\/v2\/pages"}],"about":[{"href":"https:\/\/studio8.at\/index.php\/wp-json\/wp\/v2\/types\/page"}],"author":[{"embeddable":true,"href":"https:\/\/studio8.at\/index.php\/wp-json\/wp\/v2\/users\/1"}],"replies":[{"embeddable":true,"href":"https:\/\/studio8.at\/index.php\/wp-json\/wp\/v2\/comments?post=32"}],"version-history":[{"count":35,"href":"https:\/\/studio8.at\/index.php\/wp-json\/wp\/v2\/pages\/32\/revisions"}],"predecessor-version":[{"id":297,"href":"https:\/\/studio8.at\/index.php\/wp-json\/wp\/v2\/pages\/32\/revisions\/297"}],"wp:attachment":[{"href":"https:\/\/studio8.at\/index.php\/wp-json\/wp\/v2\/media?parent=32"}],"curies":[{"name":"wp","href":"https:\/\/api.w.org\/{rel}","templated":true}]}}