{"id":34,"date":"2021-07-09T12:25:43","date_gmt":"2021-07-09T12:25:43","guid":{"rendered":"http:\/\/studio8.at\/?page_id=34"},"modified":"2021-08-02T15:03:49","modified_gmt":"2021-08-02T15:03:49","slug":"impressum","status":"publish","type":"page","link":"https:\/\/studio8.at\/index.php\/impressum\/","title":{"rendered":"Impressum"},"content":{"rendered":"\n<p> Mag. Arch. Nicole Scheffknecht, <br>Stud!o_8 | Bahnhof 391 | 6870 Bezau | \u00d6sterreich |<br>Mobil +43 (0)664 75017137 | info@studio8.at | <a href=\"http:\/\/www.studio8.at\">www.studio8.at<\/a> | <br>UID: ATU 75153003 |  <\/p>\n\n\n\n<hr class=\"wp-block-separator\"\/>\n\n\n\n<figure class=\"wp-block-image\"><img loading=\"lazy\" decoding=\"async\" width=\"1024\" height=\"724\" src=\"https:\/\/studio8.at\/wp-content\/uploads\/2021\/08\/01_Bild_Galerie-Homepage-1024x724.jpg\" alt=\"\" class=\"wp-image-190\" srcset=\"https:\/\/studio8.at\/wp-content\/uploads\/2021\/08\/01_Bild_Galerie-Homepage-1024x724.jpg 1024w, https:\/\/studio8.at\/wp-content\/uploads\/2021\/08\/01_Bild_Galerie-Homepage-300x212.jpg 300w, https:\/\/studio8.at\/wp-content\/uploads\/2021\/08\/01_Bild_Galerie-Homepage-768x543.jpg 768w\" sizes=\"auto, (max-width: 1024px) 100vw, 1024px\" \/><figcaption>Selbstportrait <\/figcaption><\/figure>\n\n\n\n<hr class=\"wp-block-separator\"\/>\n\n\n\n<blockquote class=\"wp-block-quote is-layout-flow wp-block-quote-is-layout-flow\"><p> <br><strong> Ich bin &#8211; und wei\u00df nicht wer!<br> Ich komm, wei\u00df nicht woher,<br> Ich leb, wei\u00df nicht wie lang,<br> Ich sterb &#8211; und wei\u00df nicht wann,<br> Ich fahr, wei\u00df nicht wohin!<br> Mich nimmt wunder da\u00df ich so fr\u00f6hlich bin!<br> <br> Wenn ich bedenk den dot und di ewige pein, <br> So m\u00f6cht ich nicht so fr\u00f6hlich sein. <\/strong><br><br><\/p><cite>Herkunft nicht ganz klar<br>Martin Luther bezeichnete die Zeilen als &#8222;Reim der Gottlosen&#8220;<\/cite><\/blockquote>\n","protected":false},"excerpt":{"rendered":"<p>Mag. Arch. Nicole Scheffknecht, Stud!o_8 | Bahnhof 391 | 6870 Bezau | \u00d6sterreich |Mobil +43 (0)664 75017137 | info@studio8.at | www.studio8.at | UID: ATU 75153003 | Ich bin &#8211; und wei\u00df nicht wer! Ich komm, wei\u00df nicht woher, Ich leb, wei\u00df nicht wie lang, Ich sterb &#8211; und wei\u00df nicht wann, Ich fahr, wei\u00df nicht [&hellip;]<\/p>\n","protected":false},"author":1,"featured_media":0,"parent":0,"menu_order":0,"comment_status":"closed","ping_status":"closed","template":"","meta":{"footnotes":""},"class_list":["post-34","page","type-page","status-publish","hentry"],"_links":{"self":[{"href":"https:\/\/studio8.at\/index.php\/wp-json\/wp\/v2\/pages\/34","targetHints":{"allow":["GET"]}}],"collection":[{"href":"https:\/\/studio8.at\/index.php\/wp-json\/wp\/v2\/pages"}],"about":[{"href":"https:\/\/studio8.at\/index.php\/wp-json\/wp\/v2\/types\/page"}],"author":[{"embeddable":true,"href":"https:\/\/studio8.at\/index.php\/wp-json\/wp\/v2\/users\/1"}],"replies":[{"embeddable":true,"href":"https:\/\/studio8.at\/index.php\/wp-json\/wp\/v2\/comments?post=34"}],"version-history":[{"count":13,"href":"https:\/\/studio8.at\/index.php\/wp-json\/wp\/v2\/pages\/34\/revisions"}],"predecessor-version":[{"id":235,"href":"https:\/\/studio8.at\/index.php\/wp-json\/wp\/v2\/pages\/34\/revisions\/235"}],"wp:attachment":[{"href":"https:\/\/studio8.at\/index.php\/wp-json\/wp\/v2\/media?parent=34"}],"curies":[{"name":"wp","href":"https:\/\/api.w.org\/{rel}","templated":true}]}}